3 and g?
81
Let j be -3*(-3)/27*(2 + -2). Suppose j = -11*o + 263 - 65. Calculate the greatest common factor of 342 and o.
18
Suppose -d + 30 = 5*p, -5*d + 3*p = -2*p - 180. Suppose -29*t = -23*t - 138. Let c = d - t. Calculate the highest common divisor of c and 84.
12
Let m(x) = -x**3 - 40 - 146*x - 137*x + 268*x - 9*x**2. Let l be m(-10). What is the highest common factor of l and 30?
30
Suppose -2*o - 2*c = -140, 1137*c = 1140*c - 12. What is the greatest common divisor of 196 and o?
2
Let n = 150 + -105. Suppose -70*t + 2250 = -65*t. Let s = 495 - t. Calculate the greatest common divisor of n and s.
45
Suppose -14*i - 2934 = -11*i. Let p be i/(-7) - 6/(-21). Suppose -6*g + 82 = -g - 3*v, -2*g = 3*v - 16. Calculate the highest common factor of g and p.
14
Let u = -6248 - -6717. Let l = 87 - -47. What is the highest common divisor of l and u?
67
Let h be 150/125*30/(-18) - -2722. Calculate the highest common divisor of h and 32.
32
Let c be (4*3/(-15))/((-2)/5). Suppose -c*o = o. Suppose 4*y - 4 - 44 = o. Calculate the greatest common divisor of 30 and y.
6
Suppose 4*v = -3*o + 121, 5*o + 2*v - 117 = 94. Let s = 146 + -104. Let l = o - s. What is the highest common factor of 8 and l?
1
Let u(a) = 8*a + 61. Let n be u(-7). Suppose 3*o = -x + 117, n*o - 22 = 4*x + 156. What is the greatest common divisor of o and 171?
19
Let k be (200/125)/((-6)/(-15)). Suppose 0 = 5*s + 4*j - 1, 6*j = 3*s + 5*j - k. What is the highest common factor of s and 2?
1
Let j = 116844 - 72468. What is the greatest common factor of j and 24?
24
Let i(v) = -23*v + 608. Let l be i(25). What is the highest common factor of l and 2365?
11
Let h be 47 - (2*2)/((-19 + 49)/15). Calculate the highest common factor of h and 455.
5
Let g = 16788 + -12840. What is the greatest common divisor of 70 and g?
14
Let w(g) = 8*g + 233. Let y be w(29). Suppose -y*x = -462*x - 3744. Calculate the highest common factor of x and 39.
39
Let l be (-4 - 1)*((-41748)/10)/14. Calculate the greatest common factor of 861 and l.
21
Suppose 26*g - 103 = 339. Suppose 0 = 28*j - g*j - 77. What is the highest common factor of 273 and j?
7
Let f = 4027 - 4009. What is the highest common divisor of 50 and f?
2
Let z(n) = 6*n**2 - 21*n**2 + n**3 + 21 - 6*n + 7*n**2. Let x be z(8). Let m = x - -63. Calculate the greatest common divisor of 9 and m.
9
Let f be ((-234)/(-24))/((21/56)/3). What is the greatest common divisor of f and 4082?
26
Let a(j) = -8*j - 28. Let f be a(-5). Let q(h) = 4*h - 46. Let k be q(f). Suppose 106 = k*x - 54. Calculate the greatest common divisor of 10 and x.
10
Let k(t) = 10*t**2 + 8*t + 3. Let v be k(3). What is the highest common divisor of 351 and v?
117
Let c(w) = 3 + 2 - 2*w + 3*w - 4. Let z be c(1). Let f be (4 + -2 + z)*7. Calculate the greatest common divisor of f and 14.
14
Let t(l) = 18*l - 587. Let o be t(46). Let z(c) = -57*c**3 - c**2 + c + 1. Let k be z(-1). Let i = o - k. What is the highest common divisor of i and 74?
37
Suppose -1579 = -78*w + 12*w + 2645. Calculate the greatest common factor of w and 64.
64
Suppose 170*f + 5*f = 18375. What is the highest common divisor of f and 357?
21
Suppose 3*h + 4*k = 5230, 9700 = 4*h + 4*k + 2736. What is the greatest common divisor of 306 and h?
102
Suppose 3*x = -0 + 30. Let b = -192674 - -192994. Calculate the highest common factor of b and x.
10
Let g(c) = 3*c**2. Let n(d) = 8*d**2 + 18*d - 26. Let x(y) = 3*g(y) - n(y). Let f be x(19). What is the greatest common factor of f and 195?
15
Let a = 227 + -159. Let i = a + -56. Let u be (-119)/(-2) - (-3)/6. Calculate the greatest common factor of u and i.
12
Let x(m) = -5*m**2 + 174*m + 74. Let l be x(35). Calculate the greatest common divisor of l and 14573.
13
Let a = -6 - -17. Suppose a = -2*i + 3*i. Let h be (150/(-40) + 0)*(-264)/10. Calculate the highest common factor of h and i.
11
Let f = -6088 - -6178. Calculate the highest common divisor of 306 and f.
18
Suppose 149 = 62*o - 99. Let y(r) = -r**2 + 3*r + 1. Let k be y(4). Let f be (k + 15)/o + 90/3. What is the greatest common divisor of f and 66?
33
Let n be -2*((-549)/6)/1. Let w = n - -52. Calculate the greatest common factor of w and 94.
47
Let b be (3 + 0 - -112) + 2. Suppose 11*f = 1368 + 535. Let s = f - 160. What is the highest common divisor of b and s?
13
Let s be 0 - -5 - (19 + -19). Suppose 0 = -3*n - 64 + 439. Calculate the greatest common divisor of s and n.
5
Let f(s) = -s**2 + 24*s + 32. Let k be f(25). Suppose -13*r + k*r + 132 = 0. Let g be (-1578)/(-9) + (-4)/(-6). Calculate the highest common factor of g and r.
22
Let q be (((-504)/(-35))/12)/(6/255). What is the highest common factor of q and 34?
17
Suppose -3816 + 945 = -4*r + w, 0 = r + w - 729. Calculate the greatest common factor of 195 and r.
15
Let h be (-1)/(679/(-112) - -8 - 2). Calculate the greatest common divisor of 2432 and h.
16
Let r(y) = y**2 - 24*y + 665. Let g be r(20). Calculate the greatest common factor of g and 52.
13
Let g(r) = r**3 - 22*r**2 - 100*r + 1249. Let u be g(24). Let t = 4 - 7. Let h = t - -5. Calculate the greatest common divisor of u and h.
1
Let l be 126/33 + -4 + 1214/22. Let k = 21 + l. Let n = 43 + -24. Calculate the greatest common factor of n and k.
19
Let z = 784 - 373. Suppose 8*k + 93 = -z. Let y be 4/(-18) - 8582/k. What is the greatest common divisor of y and 8?
8
Let y = -655 + 367. Let x = y - -611. What is the highest common factor of 19 and x?
19
Let c = 12 + -9. Suppose c*i - x - 44 = 0, 4*i + 2*x = -0*x + 72. Let o be 16/10*(-18 + 8)*-1. Calculate the highest common divisor of o and i.
16
Suppose -3*v + 131 - 11 = 0. Let r(f) = 9*f - 7*f - 16*f**2 + 11*f**3 + 18*f**2. Let i be r(2). What is the highest common divisor of v and i?
20
Let n be (-6)/(-1)*(-24)/(-18). Let u be -4 + 2 + 5 + 0. Let k = 53 + u. Calculate the greatest common divisor of n and k.
8
Let d(r) = -r**3 - 7*r**2 + 4*r + 10. Let g be d(-8). Let q = 620 + -618. Suppose q*k - 150 = -g. What is the highest common divisor of 6 and k?
6
Let b = -578 + 5660. Calculate the highest common divisor of 63 and b.
21
Suppose -4*g + 6*g + 24 = 5*c, -20 = 4*g - 3*c. Let w be 5 + 325/35 - g/(-7). Suppose -22*x = -w*x - 96. Calculate the greatest common divisor of x and 48.
12
Let c(k) be the first derivative of 3*k**2/2 + 7*k - 15. Let z be c(-1). Suppose -z = 3*d - 7. Calculate the greatest common divisor of 13 and d.
1
Let i be (-170)/6*4896/(-680). What is the highest common divisor of 5508 and i?
204
Suppose -3 = f, 0 = 2*r - 5*f + 7 - 636. Suppose r*v - 56 = 305*v. What is the highest common factor of v and 16?
4
Let o = 12280 - 12182. What is the greatest common divisor of o and 46?
2
Suppose -105*v + 183*v = 12090. Calculate the highest common factor of v and 1085.
155
Suppose -4329 = 169*k - 182*k. Calculate the highest common factor of k and 259.
37
Let a(o) = -o**3 - 9*o**2 - 11*o + 4. Let j be a(-8). Suppose -2*b = -380 - 460. What is the greatest common divisor of b and j?
28
Suppose 1596 = 38*r - 24*r. Let l = 121 - r. What is the greatest common divisor of 259 and l?
7
Let r = -23788 + 24156. What is the greatest common factor of 1328 and r?
16
Let g(s) = -s**3 + 29*s**2 - 52*s + 22. Let f be g(27). Calculate the highest common factor of f and 475.
19
Suppose -c = -15*s + 20*s - 483, 207 = 2*s + 5*c. What is the greatest common divisor of 7584 and s?
96
Suppose 4*h = -12, 10*s - 13*s + 11319 = 2*h. What is the greatest common factor of s and 302?
151
Suppose 0 = 3*g - 21, -o - 679*g + 28 = -678*g. What is the greatest common divisor of o and 5334?
21
Suppose 236*j - 79112 = 33460. What is the highest common factor of j and 1484?
53
Let i be 38/(3 - 2 - (-8 + 4 + 4)). Calculate the highest common divisor of 722 and i.
38
Let h(w) = -2*w**3 - 5*w**2 + 3*w - 2. Let z be h(-3). Let q be (-3 - (z - 0)) + (-40)/(-1). What is the highest common divisor of 13 and q?
13
Let z be (-4 - (-124)/3)*24/14. Let r be ((-80)/(-28))/(5/35). What is the greatest common factor of r and z?
4
Let n(m) = 2*m**3 - 8*m**2 + 5*m - 15. Let y be n(6). Let j = -78 + y. Let v = -57 + j. Calculate the greatest common factor of 3 and v.
3
Let m = 480 - 320. Suppose -70 = m*f - 161*f. What is the greatest common divisor of 28 and f?
14
Let y be (2 + -3